1 = -3*k + 256. Suppose 5*j - 456 = k. Let y = j - 63. What is the highest common divisor of y and 6?
6
Let w = -15 + -97. Let k = w - -118. Let a = 54 + -6. What is the highest common divisor of a and k?
6
Let t(f) be the third derivative of -61*f**6/20 + f**5/15 + f**4/24 - f**3/6 - 23*f**2. Let m be t(-1). Calculate the greatest common divisor of 69 and m.
23
Let r(j) = 2*j**2 + 156*j + 2815. Let l be r(-56). Calculate the greatest common divisor of l and 1248.
39
Let w(p) = p**3 + 28*p**2 - 62*p - 55. Let o be w(-30). Suppose 0 = 4*i - 3*f - 2432 - 563, i - 743 = -o*f. Calculate the greatest common factor of i and 68.
68
Let h = 55 - 44. Suppose 2*j - 17 - h = 0. Suppose -6*t - 64 = -j*t. What is the highest common factor of t and 20?
4
Suppose 2*a - 9 = -5*q, 109*a - 9 = -q + 111*a. Calculate the highest common divisor of q and 1131.
3
Let n = -167 - 84. Let x = n - -35. Let b = x + 304. Calculate the greatest common divisor of b and 11.
11
Let x(y) = -y**3 + 12*y**2 + 8*y - 12. Let w be x(12). Suppose 22*t + 275 - 355 = 382. What is the highest common divisor of t and w?
21
Suppose 5*q - 12*q = 77. Let c = 5 + q. Let h be 8/c*-11 + (-2)/(-6). Calculate the greatest common factor of h and 60.
15
Let h(r) = 2*r + r + r**3 + 14 - 17*r - 7*r - r**2. Let y be h(9). Calculate the highest common factor of 43 and y.
43
Let i(n) = -792*n - 452. Let f be i(-3). What is the greatest common factor of 91 and f?
13
Let n(l) = 34*l**2 - 542*l - 29. Let u be n(16). What is the highest common divisor of 677 and u?
1
Suppose 2*j = -4*y + 1 + 1, -5*j = -3*y + 34. Suppose y*l = -4*l + 77. Suppose l*w - 6*w - 30 = 0. Calculate the highest common factor of w and 12.
6
Suppose -66 = -2*w - 5*b, 3*w = 4*b - 127 + 134. Let u = -151 - -294. What is the greatest common divisor of u and w?
13
Suppose -72724 - 66790 = -79*z. What is the greatest common factor of 2 and z?
2
Let n(w) = -w**2 - 26*w - 57. Let v be n(-23). Let o be (18/(-5))/(v/(-320)). What is the highest common divisor of 16 and o?
16
Let g(m) = m**3 - m**2 - m + 1. Let y be g(0). Let z = 236 - 231. Suppose -4*h = -5*r - 54 + 21, 0 = -r - z. Calculate the greatest common factor of y and h.
1
Let k(f) = 3*f**3 + 3*f**2 - 2. Let x(l) = l**2 - l - 40. Let d be x(-6). Let z be k(d). What is the greatest common divisor of 119 and z?
17
Suppose 4*x - 576 = 932. Suppose -1236 = -5*g - 3*n - x, -2*g + 334 = -2*n. Calculate the greatest common factor of 68 and g.
34
Let n be (14/4)/(2/12). Let l(g) = -3*g**2 + 35*g + 13. Let d be l(4). Calculate the greatest common factor of n and d.
21
Let t = -43 - -72. Suppose -t - 121 = -3*y. Let o = 7603 + -7583. What is the highest common factor of o and y?
10
Let x = 70 - -1. Let a(h) = -x*h**3 - 115*h - 1 + 113*h + 0*h**2 - 2*h**2. Let g be a(-1). Calculate the highest common divisor of 28 and g.
14
Let r be (1697 - 1687)/((-2)/(-557) + 0). What is the greatest common divisor of 35 and r?
5
Let b be 1606/14 + 4/14. Suppose x = 5*x + o - 13, 11 = 5*x - 4*o. Suppose g = -0*g + 2*s + 42, -6 = -x*s. Calculate the highest common divisor of b and g.
23
Let k(i) = 4*i + 21. Let d be k(13). Let z = 72 - d. Let v be (690/50)/(z/(-5)). What is the highest common factor of v and 23?
23
Let k = 27 - 32. Let d be -11*((-34 - -2) + 10/k). Calculate the highest common divisor of 22 and d.
22
Let c be -10 + 9 + 199 + -2. Suppose 57*z = 62*z - 560. Calculate the greatest common divisor of c and z.
28
Suppose -18713 = -26*l + 5467. Calculate the highest common divisor of l and 90.
30
Let b be 10*(-3)/(-6) + (-22 - -22) + 1922. What is the greatest common divisor of 235 and b?
47
Let f(v) = -467*v + 3893. Let p be f(7). Calculate the highest common divisor of p and 3848.
104
Let q = -110 + 117. Suppose -q*d - 84 = -1211. What is the highest common divisor of 46 and d?
23
Let o = -75 + 77. Suppose 2*u = u. Let k be -3 - (-4 + o + -136) - u. Calculate the highest common factor of 15 and k.
15
Suppose -2*g = -18*c + 14*c + 20, -3*g - 4*c - 80 = 0. Let l = g + 29. Calculate the greatest common divisor of l and 27.
9
Suppose 3*y + 34*k = 30*k + 1608, -y + 2*k + 526 = 0. What is the highest common factor of 35 and y?
7
Let y(k) = k**2 + 7*k + 9. Let j be y(-7). Let l = -1 + 0. Let v = j + l. What is the highest common factor of v and 4?
4
Suppose -2*p - 5*f = -86, 3*f + 46 = p + 4*f. Suppose -2*a + p = -52. Let r be (-10)/a + (-106)/(-5). What is the highest common divisor of r and 231?
21
Let h(n) = 54*n**2 - 9*n + 32. Let o be h(3). Suppose -o*x = -474*x - 2448. Calculate the highest common divisor of 162 and x.
18
Let t = 49 + -49. Suppose 5*o - 20 = 0, t = -2*x + x - o + 31. Let j = 335 - x. What is the greatest common divisor of 28 and j?
28
Suppose 0 = -34*n + 1105 + 4709 + 4250. Calculate the greatest common factor of n and 2590.
74
Suppose 5*g + 238 - 243 = 0, 4*r = 3*g + 37. Calculate the greatest common factor of r and 6010.
10
Let u be ((-6)/9)/((-46)/5589). Let z = 86 - u. Let o be -2*(-1 + 43/(-2)). What is the greatest common factor of o and z?
5
Let v be -2*6/28 - (-1944)/28. Suppose 0 = 12*y - 6*y + 12. Let u be 1/(y - (-5)/2) - -21. Calculate the greatest common factor of v and u.
23
Suppose -d + 6*d + 2*y = -15, -25 = -5*y. Let t = -176 - -64. Let h be (1 + -3)*t + (d - -1). Calculate the greatest common divisor of h and 20.
20
Let i be (-210)/(-9) + 116/(-87). Let y = -139 + 71. Let a = y - -222. Calculate the highest common divisor of i and a.
22
Let n(m) = -m**2 + 5*m - 8. Let j be n(3). Let o be 1/j*43*(4 - 16). Let u = -49 + o. Calculate the greatest common divisor of 19 and u.
19
Suppose -49 + 19 = -5*u. Let r be ((-6)/12)/(u/4)*-9. Suppose 51 = h - r*t, 140 = 3*h - t + 5*t. What is the greatest common divisor of 72 and h?
24
Let c(z) = 3042*z + 48. Let l be c(0). Suppose -2*u - 4*x - 20 = -3*u, u - 13 = -3*x. Calculate the highest common divisor of u and l.
16
Let b(p) = 8*p - 37. Let o be b(5). Suppose -o*w + 29 = -4*f - 29, 4*w = -4*f + 40. Calculate the highest common factor of w and 126.
14
Suppose 0 = 12*i - 8*i + 60. Let f be (9/i)/(3/(-30)). Let n be ((-51)/f)/((-4)/8). Calculate the highest common divisor of 153 and n.
17
Suppose -2*j = 4*u + 478, -11*u - 710 = 3*j - 12*u. Let h = j + 277. What is the greatest common factor of 40 and h?
40
Let v be (1 + (-12)/15)*(-35 + 270). Calculate the highest common factor of v and 13536.
47
Let d = 17757 - 2234. What is the greatest common divisor of 43 and d?
43
Suppose 5*j + 552 = 4*b + 2*j, -3*b + 421 = -4*j. Suppose -g - 5*v = -10*v - 65, 3*g - 3*v = b. What is the greatest common factor of g and 24?
8
Suppose -j = j - 10. Suppose 310 = j*m - 450. Suppose 21*g = 19*g + m. What is the highest common divisor of 19 and g?
19
Let v(h) = -h - 9. Let x be v(-16). Let o = -84 + 91. Let c be (-22)/(((-6)/(-18))/(o/(-6))). Calculate the highest common divisor of c and x.
7
Let t = 104 + 605. Let l = t - 453. What is the highest common factor of l and 32?
32
Suppose n + d - 13116 = -4*n, d - 2620 = -n. What is the greatest common factor of n and 128?
64
Suppose 1 - 63 = -2*u + 2*o, 4*o = -u + 11. Let w = 31 - u. Let j be (-679)/(-21) - (w/3 + -1). Calculate the highest common factor of j and 256.
32
Suppose 28*l = 31*l - 96. Let i be -16*(3/(-12) + -1). Suppose 0 = 4*n - j - i - 75, n = 3*j + l. Calculate the greatest common divisor of 23 and n.
23
Let z be (627/(-11))/(-1 + 3)*-2. Suppose 62*i = z*i + 135. Let d(y) = y**3 - 7*y**2 + y + 9. Let m be d(8). Calculate the greatest common factor of i and m.
27
Suppose -30*c + 4 = 4. Let j be 5/15*-9 + 51 + c. Calculate the greatest common divisor of 3 and j.
3
Suppose -2*f + 16 = -f + 5*a, -2*f + 2*a = -8. Let i be -8 + (f - (-53 - -3)). Calculate the greatest common divisor of 264 and i.
24
Let l be (-6)/(90/(-105)) - -389. Calculate the greatest common divisor of 360 and l.
36
Let u be 7/(-35) - 1701/(-5). Let k = 22717 + -22697. What is the highest common factor of k and u?
20
Let n be (-3280)/(-24) - -2*(-2)/6. Calculate the highest common divisor of 1836 and n.
68
Let v = -902 + 1000. Let o(m) = m**2 - m + 28. Let p be o(0). What is the greatest common divisor of p and v?
14
Let y(u) = -16*u - 9. Let b be y(-6). Suppose 4*j + 12*s = 10*s, -4*s - 8 = 4*j. Suppose -30 = -j*